osite number?
False
Is 150697 a composite number?
False
Is 303049 a prime number?
True
Is 337 prime?
True
Is 5129 a prime number?
False
Is 10723 prime?
True
Is 9521 a composite number?
False
Is 5209 prime?
True
Is 98305 prime?
False
Is 586589 a composite number?
False
Is 1931 prime?
True
Is 10973 prime?
True
Is 355369 a prime number?
False
Is 1192387 composite?
True
Is 673747 prime?
True
Is 9561 prime?
False
Is 53855 a prime number?
False
Is 1039 a prime number?
True
Is 797081 composite?
True
Is 35473 a prime number?
False
Is 633923 composite?
False
Is 26947 composite?
False
Is 411883 a composite number?
False
Is 226679 a prime number?
False
Is 206593 composite?
False
Is 401 a prime number?
True
Is 97979 a prime number?
False
Is 41771 a prime number?
True
Is 11699 prime?
True
Is 6109 composite?
True
Is 15493 composite?
False
Is 77929 a prime number?
True
Is 15551 composite?
False
Is 367267 a composite number?
True
Is 7558 prime?
False
Is 5747 prime?
False
Is 104501 a prime number?
False
Is 63913 a composite number?
False
Is 182581 composite?
True
Is 23101 prime?
False
Is 153871 a composite number?
False
Is 24281 composite?
False
Is 949249 prime?
False
Is 164267 prime?
True
Is 42611 a composite number?
False
Is 1801 composite?
False
Is 433019 a prime number?
False
Is 28313 prime?
False
Is 369881 a prime number?
False
Is 30287 composite?
True
Is 2277139 composite?
False
Is 123313 a composite number?
True
Is 8677 composite?
False
Is 2609 prime?
True
Is 69427 a prime number?
True
Is 16381 prime?
True
Is 167333 a prime number?
False
Is 131855 a prime number?
False
Is 219833 a prime number?
False
Is 5969 a prime number?
False
Is 1811923 a composite number?
False
Is 13591 composite?
False
Is 2683 prime?
True
Is 558721 a composite number?
False
Is 530515 a prime number?
False
Is 5953 composite?
False
Is 879 a prime number?
False
Is 4177 prime?
True
Is 491 a prime number?
True
Is 986693 a composite number?
False
Is 270097 composite?
False
Is 118183 composite?
True
Is 19843 a prime number?
True
Is 8222 composite?
True
Is 1805806 prime?
False
Is 623741 a prime number?
False
Is 71157 composite?
True
Is 17881 prime?
True
Is 66509 a prime number?
True
Is 32127 composite?
True
Is 17311 a prime number?
False
Is 2411 composite?
False
Is 1239383 a prime number?
False
Is 9917 a prime number?
False
Is 4103 a composite number?
True
Is 5959 composite?
True
Is 206341 a composite number?
False
Is 48113 a composite number?
True
Is 6353 a prime number?
True
Is 22735 composite?
True
Is 5377 a prime number?
False
Is 801217 prime?
True
Is 1561 a prime number?
False
Is 360497 a composite number?
False
Is 22531 a composite number?
False
Is 4909 composite?
False
Is 564841 prime?
False
Is 2887793 a composite number?
False
Is 8794 prime?
False
Is 76753 prime?
True
Is 121037 a composite number?
True
Is 1009 composite?
False
Is 668347 composite?
False
Is 175889 prime?
False
Is 30341 composite?
False
Is 27923 prime?
False
Is 83761 a prime number?
True
Is 43093 a composite number?
False
Is 93047 a prime number?
True
Is 86641 composite?
True
Is 916819 prime?
False
Is 57637 a prime number?
True
Is 37691 a composite number?
False
Is 9533 composite?
False
Is 21089 a prime number?
True
Is 4054763 a prime number?
True
Is 737 prime?
False
Is 238117 a prime number?
False
Is 13894 a prime number?
False
Is 28297 composite?
False
Is 69077 composite?
True
Is 629 a composite number?
True
Is 2248703 a prime number?
True
Is 14759 composite?
False
Is 20569 composite?
True
Is 20455 a prime number?
False
Is 165343 a prime number?
True
Is 22501 composite?
False
Is 26303 composite?
True
Is 91727 a composite number?
True
Is 23315 composite?
True
Is 89413 prime?
True
Is 2165255 a composite number?
True
Is 1787321 prime?
False
Is 74677 a prime number?
False
Is 563 a prime number?
True
Is 53993 prime?
True
Is 2411 composite?
False
Is 21787 a prime number?
True
Is 213203 a prime number?
True
Is 291619 a prime number?
True
Is 60985 a composite number?
True
Is 30211 a composite number?
False
Is 65791 a prime number?
False
Is 167 prime?
True
Is 71843 a prime number?
True
Is 659 a prime number?
True
Is 6449 composite?
False
Is 279499 composite?
True
Is 2998795 a composite number?
True
Is 1477 composite?
True
Is 413635 a prime number?
False
Is 99419 composite?
True
Is 875111 prime?
False
Is 25703 prime?
True
Is 4781 prime?
False
Is 649169 composite?
True
Is 99067 composite?
True
Is 10555 prime?
False
Is 29519 a composite number?
True
Is 530605 prime?
False
Is 154571 composite?
False
Is 2088451 prime?
True
Is 11918471 composite?
False
Is 1073459 composite?
True
Is 17833 prime?
False
Is 529883 prime?
False
Is 1702379 prime?
False
Is 4547 a prime number?
True
Is 357377 prime?
True
Is 70321 a prime number?
True
Is 12071 prime?
True
Is 167381 prime?
True
Is 15591 a composite number?
True
Is 9461 a prime number?
True
Is 44351 prime?
True
Is 1901 a prime number?
True
Is 12811 prime?
False
Is 71771 a composite number?
True
Is 19207 a prime number?
True
Is 2839 a prime number?
False
Is 155099 prime?
False
Is 225457 composite?
False
Is 51549 a composite number?
True
Is 12185 composite?
True
Is 62473 a prime number?
True
Is 971897 a prime number?
False
Is 90887 a composite number?
False
Is 1733449 prime?
True
Is 3739 prime?
True
Is 9521 composite?
False
Is 26747 a prime number?
False
Is 6029 composite?
False
Is 48607 composite?
True
Is 11959 a prime number?
True
Is 2656213 prime?
False
Is 1056599 composite?
False
Is 544321 a prime number?
False
Is 377 prime?
False
Is 31087 a composite number?
True
Is 111187 a composite number?
False
Is 39079 a composite number?
False
Is 2881 a composite number?
True
Is 36383 a prime number?
True
Is 855581 a prime number?
True
Is 7499 composite?
False
Is 39521 prime?
True
Is 96257 composite?
True
Is 32543 a prime number?
False
Is 2155 a composite number?
True
Is 5666 a prime number?
False
Is 1590161 composite?
False
Is 32687 a prime number?
True
Is 86069 a composite number?
False
Is 16787 a prime number?
True
Is 11311 composite?
False
Is 27827 composite?
False
Is 32701 a prime number?
False
Is 494815 a composite number?
True
Is 48361 composite?
True
Is 29039 composite?
True
Is 13466 a prime number?
False
Is 17879 prime?
False
Is 20051 a composite number?
False
Is 1044079 a prime number?
True
Is 40429 a composite number?
False
Is 737 composite?
True
Is 3755 a prime number?
False
Is 9851 prime?
True
Is 52807 a prime number?
True
Is 7201 prime?
False
Is 55403 composite?
True
Is 19841 a composite number?
False
Is 31769 prime?
True
Is 90331 a composite number?
True
Is 21278 composite?
True
Is 131117 a composite number?
True
Is 279362 a composite number?
True
Is 50417 a composite number?
False
Is 107893 prime?
False
Is 259 prime?
False
Is 37189 prime?
True
Is 113809 a prime number?
True
Is 15091 a prime number?
True
Is 7451 a prime number?
True
Is 42953 prime?
True
Is 285421 a composite number?
False
Is 17837 prime?
True
Is 3109 a composite number?
False
Is 147191 composite?
True
Is 1064467 prime?
True
Is 137267 prime?
False
Is 298099 a prime number?
True
Is 1973 a composite number?
False
Is 2513 a composite number?
True
Is 161677 a composite number?
True
Is 34777 a composite number?
True
Is 1210141 prime?
False
Is 586255 a prime number?
False
Is 31359 composite?
True
Is 100591 prime?
True
Is 675859 composite?
False
Is 3007 prime?
False
Is 671383 a prime number?
True
Is 25391 prime?
True
Is 15961 a prime number?
False
Is 851479 composite?
True
Is 13891 composite?
True
Is 3163 composite?
False
Is 13955 prime?
False
Is 3787 a prime number?
False
Is 37277 a prime number?
True
Is 211119 composite?
True
Is 39253 a composite number?
True
Is 252299 composite?
True
Is 40646 composite?
True
Is 257639 a prime number?
True
Is 136339 a composite number?
True
Is 4187 a composite number?
True
Is 116221 prime?
False
Is 132917 a composite number?
True
Is 1590829 composite?
False
Is 55643 prime?
False
Is 17707 prime?
True
Is 2935 a composite number?
True
Is 34081 composite?
True
Is 102607 composite?
False
Is 1026383 a composite number?
False
Is 817049 a prime number?
True
Is 8267 composite?
True
Is 27419 composite?
True
Is 58109 a prime number?
True
Is 10541 prime?
False
Is 1706647 a prime number?
False
Is